-8)*-6*6/6. Let j(o) = 15*o - 33. What is the units digit of j(z)?
2
What is the hundreds digit of 24/((-7)/(-15414)*(-4 + 8))?
2
Let u = 43476 - -7482. What is the tens digit of u?
5
Let k(m) = 12*m + 81 - 108 - 32*m. What is the tens digit of k(-8)?
3
Suppose -20*s + 55689 = -17751. Let l = -2289 + s. What is the hundreds digit of l?
3
Let u be (-2)/4*(0 + 12 - 60). Suppose 4*w = 3*d - 4*d + 179, 0 = -w + 2*d + 47. Suppose w = m - u. What is the units digit of m?
9
Suppose 13*f + 27181 = 2*g + 14*f, 3*g = 5*f + 40804. What is the units digit of g?
3
Let j = -63 - -72. Suppose -2*w + 34 = 2*g, 10*g - w = j*g + 15. What is the tens digit of g?
1
Suppose 4*n = 22870 + 14006. What is the thousands digit of n?
9
Let l be (-550)/(-154) + 6/14. Let a(b) = 5*b**2 - 18*b - 24. Let d be a(-13). Suppose -d = -5*u + 5*k, -k + l*k = -u + 191. What is the hundreds digit of u?
2
Let u = 152 + -143. Suppose -5 = 5*d, u*s - 502 = 4*s + 2*d. What is the tens digit of s?
0
What is the units digit of 8/(8 - -16) + (-6437)/(-3)?
6
Let o be 0*2/(-10) + 3 + 2. Let t(w) = w**3 + 2*w**2 - 10*w - 12. What is the units digit of t(o)?
3
Suppose i + 4*b = 8, -3*i + 0*i = -b - 24. Let w = 309 - i. What is the tens digit of w?
0
Let n(v) = 3*v + 2. Let b be n(20). Let h = 64 - b. Suppose -h*p + 15 = i - 0*p, -4*i - 5*p + 66 = 0. What is the units digit of i?
9
Let f = 11853 - 6647. What is the hundreds digit of f?
2
Let k(u) = 42*u**2 + 11*u - 491. What is the units digit of k(-17)?
0
Suppose 0 = o - 0 + 3. Let z be 6/(-1 - -4) - (o - -3). Let q(d) = 6*d**3 - 4*d**2 + d - 4. What is the tens digit of q(z)?
3
Let l(o) = o**2 - 2*o + 2. Let w(x) = -4*x**2 + 13*x + 939. Let a(t) = 3*l(t) + w(t). What is the hundreds digit of a(0)?
9
What is the units digit of (1563/(-9))/(((-1145)/(-285))/(-1) - -4)?
9
Let m = 18742 + -14775. What is the units digit of m?
7
Let h be (39 - -17)*(-186)/(-8). Suppose -2*v - 7*a + 662 = -12*a, -4*v - a = -h. What is the units digit of v?
6
Suppose -3*y - 36092 = -l, -6*l - 2*y + 174346 + 42046 = 0. What is the ten thousands digit of l?
3
Let k = 31 - -72. Suppose -3*n - d + 124 + k = 0, 4*n = 5*d + 309. What is the units digit of 4/(-20) + n/5?
5
Suppose 27171 = 3*y + 2*x, -5*y - 4*x + 30132 + 15149 = 0. What is the thousands digit of y?
9
Suppose -2*l - 2*l + 3*u = 58, 22 = -2*l + 5*u. Let a = l - -19. Suppose -a = r - 22. What is the tens digit of r?
1
Let f(b) be the first derivative of -b**4/4 + 3*b**3 + 2*b**2 + 4. Let v be f(3). Suppose -q = q - v. What is the tens digit of q?
3
Suppose -5*c + 6*c - 3*m = 222, c - 5*m - 214 = 0. Let w be 4/10 - (-43)/5. Suppose c = 11*s - w*s. What is the tens digit of s?
1
Let f(h) = -20*h + 1. Let p be f(-1). Suppose 2*k + p = 29. Suppose -g + k*x = -68, 2*g - g + 4*x - 52 = 0. What is the units digit of g?
0
Suppose -5*g + 7*g - 2*q = 17108, 0 = -2*g - 3*q + 17138. What is the hundreds digit of g?
5
Suppose 5668 = -2*b + 3*r + 28139, 0 = 2*r - 14. What is the thousands digit of b?
1
Suppose 38*k - 1122297 = 1458925 - 728456. What is the hundreds digit of k?
7
Suppose 10796 = -13*y + 30517 + 30862. What is the units digit of y?
1
Let h(r) = 10*r**2 - 36*r - 175. Let u be h(-6). Let w = -77 + u. What is the tens digit of w?
2
Let l(w) = 3*w**2 - w - 8. Let j(k) = 16*k**2 - 4*k - 41. Let p(c) = -2*j(c) + 11*l(c). Let y be p(5). What is the hundreds digit of 1410/11 - y/132*6?
1
Let o be (-6*(-94)/(-5))/((-1)/5). Let q = 1048 - o. Suppose 4*f = c + q, -2*c = 4*f - 5*c - 492. What is the units digit of f?
0
Let c(m) = -m**2 - 9*m - 3. Let t(v) = 2*v**2 + 17*v + 7. Let l(k) = 5*c(k) + 2*t(k). What is the units digit of l(-5)?
9
Let l = 8012 - -15272. What is the units digit of l?
4
What is the tens digit of (-39718)/(-4)*(-2 + (-324)/(-126))?
7
Suppose -w + 0*w = 4*i - 4, -w + 19 = -i. Suppose 11*l = w*l - 990. What is the hundreds digit of 1*l*1 - 0?
1
Let u = -9756 + 14555. Let d = u - 2729. What is the tens digit of d?
7
Suppose 0 = -7*i - 7 + 7. Suppose 0 = -2*z + 5*p + 7, i*z = -3*z - 3*p. Suppose -s = z + 4, -3*o = -5*s - 130. What is the tens digit of o?
3
Let p be (-2)/10 - 1*(19/5 - 3). Let h = -7 + 16. What is the tens digit of (3/h)/(p/(-489))?
6
Suppose z = -4*d + 29827, -7*z + 5*d + 97121 + 111899 = 0. What is the units digit of z?
5
Let d(l) = 522*l**2 - 42*l - 381. What is the thousands digit of d(-8)?
3
Let c(h) = 9333*h**2 + 51*h + 99. What is the hundreds digit of c(-2)?
3
Suppose 9*j - 42287 = -33878 + 253581. What is the tens digit of j?
1
What is the hundreds digit of (-69)/(-46)*2/6 - (-57805)/22?
6
Let h(s) = 567*s**3 + 5*s**2 - 14*s + 24. Let d be h(3). Suppose -411*y = -393*y - d. What is the hundreds digit of y?
8
Suppose -j + 12 = -2*u, 3*j + 0*u + u - 8 = 0. Suppose 5*a - 3*g = 1 - 22, -3*g - 6 = j*a. What is the hundreds digit of 2*a/(-3) + 118?
1
Suppose 26*f + 2*g - 33956 = 22*f, 0 = -5*f - 5*g + 42435. What is the tens digit of f?
9
Suppose 0 = 2*h + 3*m - 17 + 29, 0 = h + 3*m + 12. Suppose h = -w + 3, 4*w + 915 = 4*a - 4325. What is the units digit of a?
3
Let w(u) = 2623*u - 932. What is the hundreds digit of w(19)?
9
Suppose 3*i - 12*u - 138 = -7*u, i + 4*u = 46. What is the units digit of (i - 41)*(-94)/(-5)?
4
Let o(x) = 2*x - 21. Let r(n) = 1. Let b(h) = -o(h) - r(h). Let m be b(6). Suppose 0 = m*l + l - 1350. What is the hundreds digit of l?
1
Let n = 493 + -491. Suppose u = -n*q + 1395, -5*u - 82*q + 6997 = -83*q. What is the thousands digit of u?
1
Let c = 28948 - 18575. What is the hundreds digit of c?
3
Let f = -5978 + 11274. What is the units digit of f?
6
Let j be 118 + (2/6)/(2/6). Let u = j - -20. What is the hundreds digit of u?
1
Suppose 1864 = 4*p - 4*d, 0 = -p - d + 39 + 429. What is the tens digit of p?
6
Suppose -4*v = -m + 5*m + 12, v + 3 = 0. Suppose 22*t - 19*t - 18 = m. Suppose -300 = t*k - 9*k. What is the tens digit of k?
0
Suppose 91*a + 168 = 105*a. Suppose 33 = -a*z + 429. What is the tens digit of z?
3
Let n = 3219 - 3089. Let o(j) = j**3 + 4*j**2 - 3*j - 2. Let u be o(-6). Let w = n + u. What is the units digit of w?
4
Let a = -1400 + 10970. What is the units digit of a?
0
Let i be ((-12)/3)/(1/(-2)). Let h = -10 - i. Let k(m) = m**2 + 15*m + 23. What is the tens digit of k(h)?
7
Let l(g) be the third derivative of -1/4*g**4 - 5/2*g**3 + 32*g**2 + 0 + 0*g + 1/120*g**6 + 1/6*g**5. What is the units digit of l(-6)?
5
Let l be 2/4 - (-22)/(-4). Let b(q) = -q. Let s(j) = 3*j. Let y(m) = -2*b(m) - s(m). What is the units digit of y(l)?
5
Let c be (4/3)/(-1 + (-75)/(-81)). What is the units digit of 1433/(c/(-14) + (-4)/14)?
3
What is the hundreds digit of (-143546)/(-78) - (-1)/(-1)*6/(-9)?
8
Let b(q) = q**3 + 10*q**2 + 3. Let d = 131 - 139. Let m = -16 - d. What is the hundreds digit of b(m)?
1
Suppose -5*u + 20 = 0, 160 = 5*b - 2*u - 17. Let f(d) = d**3 + d**2 + d - 3. Let a be f(3). Suppose 0 = -b*x + a*x + 17. What is the units digit of x?
7
Let j(z) = z**3 - 2*z**2 - z + 2. Let s be j(1). Let i(m) = 2*m**2 - 2*m + 190. What is the hundreds digit of i(s)?
1
Suppose -4*x = -1599 - 777. Suppose 2*u + u = 9. Suppose -4*y = 2*c - 426, -c + u*y + x = 2*c. What is the hundreds digit of c?
2
Suppose 41242 = j + 4*i, -3*i + 5*i = 5*j - 206012. What is the ten thousands digit of j?
4
Suppose 44*q = 36*q - 56. Let o(n) be the second derivative of n**5/20 + 5*n**4/6 + 5*n**2 + 3*n. What is the hundreds digit of o(q)?
1
Suppose 0 = -5*x + 4*l - l - 305, -x = 4*l + 38. What is the tens digit of x/(-10)*7/((-28)/(-40))?
5
Suppose 8*f - 1608 = 20*f. Let j = 157 + f. What is the tens digit of j?
2
Let z = -82 - -144. Let d be (1*4)/(z/2077). Suppose 0*s - 4*s = 2*y - d, -2*s = 4*y - 52. What is the tens digit of s?
3
Suppose 0 = 10*t + 55349 - 200719. Suppose -14*v = -t + 985. What is the units digit of v?
8
Suppose 33*l = 36*l - 6261. Suppose 19 = -4*h + l. What is the hundreds digit of h?
5
Let s = 4415 - -4811. What is the hundreds digit of s?
2
Suppose 28 - 31 = -l. Let p be (7 - -2) + 9/l. Suppose -4*m = -p*m + 160. What is the units digit of m?
0
Let f(b) = 13 + 6*b + 7*b - 2*b. Let i be f(12). Suppose -5*z - i = -685. What is the units digit of z?
8
Let r = -21677 + 45924. What is the tens digit of r?
4
Let f(g) = -40*g + 3. Let r be f(0). Suppose -3*